{"id":2055,"date":"2019-08-14T11:31:09","date_gmt":"2019-08-14T14:31:09","guid":{"rendered":""},"modified":"2021-02-11T11:29:52","modified_gmt":"2021-02-11T14:29:52","slug":"concurso-dia-do-estudante","status":"publish","type":"page","link":"https:\/\/dxc.crp.ufv.br\/?page_id=2055","title":{"rendered":"Concurso Dia do Estudante"},"content":{"rendered":"<h2 style=\"text-align: center;\"><strong>RESUMO<\/strong><\/h2>\n<p><strong>Local:<\/strong> P\u00e1gina oficial da Diretoria no Instagram: https:\/\/www.instagram.com\/dxc_ufv_crp<br \/>\n<strong>Realiza\u00e7\u00e3o:<\/strong> Diretoria de Extens\u00e3o e Cultura \u2013 DXC<br \/>\n<strong>Apoio:<\/strong> Diretoria Geral, Servi\u00e7os Institucionais\/Cerimonial e Mostra de Profiss\u00f5es (Diretoria de Ensino)<br \/>\n<strong>Per\u00edodo:<\/strong> 06 de agosto de 2019 a 23 de agosto de 2019<br \/>\n<strong>Regras:<\/strong> Cada participante dever\u00e1 seguir a p\u00e1gina da DXC, curtir a foto, marcar um(a) amigo(a) e compartilhar a foto no stories marcando a DXC. A pessoa pode participar quantas vezes quiser, at\u00e9 o dia 14 de agosto de 2019, at\u00e9 o hor\u00e1rio da realiza\u00e7\u00e3o do sorteio, aumentando suas chances de ganhar.<br \/>\n<strong>Sorteio:<\/strong> O sorteio ser\u00e1 realizado no dia 14 de agosto de 2019 e o resultado ser\u00e1 divulgado no Instagram e no site da DXC.<\/p>\n<p><a href=\"https:\/\/dxc.crp.ufv.br\/wp-content\/uploads\/SORTEIO-ESTUDANTES.png\"><img loading=\"lazy\" decoding=\"async\" class=\"alignnone size-medium wp-image-2058\" src=\"https:\/\/dxc.crp.ufv.br\/wp-content\/uploads\/SORTEIO-ESTUDANTES-300x298.png\" alt=\"\" width=\"300\" height=\"298\" srcset=\"https:\/\/dxc.crp.ufv.br\/wp-content\/uploads\/SORTEIO-ESTUDANTES-300x298.png 300w, https:\/\/dxc.crp.ufv.br\/wp-content\/uploads\/SORTEIO-ESTUDANTES-150x150.png 150w, https:\/\/dxc.crp.ufv.br\/wp-content\/uploads\/SORTEIO-ESTUDANTES-302x300.png 302w, https:\/\/dxc.crp.ufv.br\/wp-content\/uploads\/SORTEIO-ESTUDANTES.png 717w\" sizes=\"auto, (max-width: 300px) 100vw, 300px\" \/><\/a><\/p>\n<h2 style=\"text-align: center;\"><strong>DOCUMENTA\u00c7\u00c3O<\/strong><\/h2>\n<p><a href=\"https:\/\/dxc.crp.ufv.br\/wp-content\/uploads\/Concurso-Dia-do-Estudante.pdf\">Regulamento &#8211; Concurso Dia do Estudante<\/a><\/p>\n<h2 style=\"text-align: center;\"><strong>RESULTADO<\/strong><\/h2>\n<p>&nbsp;<\/p>\n<p><a href=\"https:\/\/dxc.crp.ufv.br\/wp-content\/uploads\/Instagram-22.png\"><img loading=\"lazy\" decoding=\"async\" class=\"size-medium wp-image-2065 aligncenter\" src=\"https:\/\/dxc.crp.ufv.br\/wp-content\/uploads\/Instagram-22-300x300.png\" alt=\"\" width=\"300\" height=\"300\" srcset=\"https:\/\/dxc.crp.ufv.br\/wp-content\/uploads\/Instagram-22-300x300.png 300w, https:\/\/dxc.crp.ufv.br\/wp-content\/uploads\/Instagram-22-150x150.png 150w, https:\/\/dxc.crp.ufv.br\/wp-content\/uploads\/Instagram-22-768x768.png 768w, https:\/\/dxc.crp.ufv.br\/wp-content\/uploads\/Instagram-22-1024x1024.png 1024w, https:\/\/dxc.crp.ufv.br\/wp-content\/uploads\/Instagram-22.png 1134w\" sizes=\"auto, (max-width: 300px) 100vw, 300px\" \/><\/a><\/p>\n<p><a href=\"https:\/\/dxc.crp.ufv.br\/wp-content\/uploads\/Sorteado-concurso-dia-do-estudante.png\"><img loading=\"lazy\" decoding=\"async\" class=\"size-medium wp-image-2066 aligncenter\" src=\"https:\/\/dxc.crp.ufv.br\/wp-content\/uploads\/Sorteado-concurso-dia-do-estudante-300x300.png\" alt=\"\" width=\"300\" height=\"300\" srcset=\"https:\/\/dxc.crp.ufv.br\/wp-content\/uploads\/Sorteado-concurso-dia-do-estudante-300x300.png 300w, https:\/\/dxc.crp.ufv.br\/wp-content\/uploads\/Sorteado-concurso-dia-do-estudante-150x150.png 150w, https:\/\/dxc.crp.ufv.br\/wp-content\/uploads\/Sorteado-concurso-dia-do-estudante-768x768.png 768w, https:\/\/dxc.crp.ufv.br\/wp-content\/uploads\/Sorteado-concurso-dia-do-estudante.png 788w\" sizes=\"auto, (max-width: 300px) 100vw, 300px\" \/><\/a><\/p>\n<p>&nbsp;<\/p>\n","protected":false},"excerpt":{"rendered":"<p>RESUMO Local: P\u00e1gina oficial da Diretoria no Instagram: https:\/\/www.instagram.com\/dxc_ufv_crp Realiza\u00e7\u00e3o: Diretoria de Extens\u00e3o e Cultura \u2013 DXC Apoio: Diretoria Geral, Servi\u00e7os Institucionais\/Cerimonial e Mostra de Profiss\u00f5es (Diretoria de Ensino) Per\u00edodo: 06 de agosto de 2019 a 23 de agosto de 2019 Regras: Cada participante dever\u00e1 seguir a p\u00e1gina da DXC, curtir a foto, marcar um(a) [&hellip;]<\/p>\n","protected":false},"author":5,"featured_media":0,"parent":958,"menu_order":0,"comment_status":"closed","ping_status":"closed","template":"","meta":{"footnotes":""},"class_list":["post-2055","page","type-page","status-publish","hentry"],"_links":{"self":[{"href":"https:\/\/dxc.crp.ufv.br\/index.php?rest_route=\/wp\/v2\/pages\/2055","targetHints":{"allow":["GET"]}}],"collection":[{"href":"https:\/\/dxc.crp.ufv.br\/index.php?rest_route=\/wp\/v2\/pages"}],"about":[{"href":"https:\/\/dxc.crp.ufv.br\/index.php?rest_route=\/wp\/v2\/types\/page"}],"author":[{"embeddable":true,"href":"https:\/\/dxc.crp.ufv.br\/index.php?rest_route=\/wp\/v2\/users\/5"}],"replies":[{"embeddable":true,"href":"https:\/\/dxc.crp.ufv.br\/index.php?rest_route=%2Fwp%2Fv2%2Fcomments&post=2055"}],"version-history":[{"count":7,"href":"https:\/\/dxc.crp.ufv.br\/index.php?rest_route=\/wp\/v2\/pages\/2055\/revisions"}],"predecessor-version":[{"id":2380,"href":"https:\/\/dxc.crp.ufv.br\/index.php?rest_route=\/wp\/v2\/pages\/2055\/revisions\/2380"}],"up":[{"embeddable":true,"href":"https:\/\/dxc.crp.ufv.br\/index.php?rest_route=\/wp\/v2\/pages\/958"}],"wp:attachment":[{"href":"https:\/\/dxc.crp.ufv.br\/index.php?rest_route=%2Fwp%2Fv2%2Fmedia&parent=2055"}],"curies":[{"name":"wp","href":"https:\/\/api.w.org\/{rel}","templated":true}]}}

<h2 style="text-align: center;"><strong>RESUMO</strong></h2>
<p><strong>Local:</strong> Página oficial da Diretoria no Instagram: https://www.instagram.com/dxc_ufv_crp<br />
<strong>Realização:</strong> Diretoria de Extensão e Cultura – DXC<br />
<strong>Apoio:</strong> Diretoria Geral, Serviços Institucionais/Cerimonial e Mostra de Profissões (Diretoria de Ensino)<br />
<strong>Período:</strong> 06 de agosto de 2019 a 23 de agosto de 2019<br />
<strong>Regras:</strong> Cada participante deverá seguir a página da DXC, curtir a foto, marcar um(a) amigo(a) e compartilhar a foto no stories marcando a DXC. A pessoa pode participar quantas vezes quiser, até o dia 14 de agosto de 2019, até o horário da realização do sorteio, aumentando suas chances de ganhar.<br />
<strong>Sorteio:</strong> O sorteio será realizado no dia 14 de agosto de 2019 e o resultado será divulgado no Instagram e no site da DXC.</p>
<p><a href="https://dxc.crp.ufv.br/wp-content/uploads/SORTEIO-ESTUDANTES.png"><img loading="lazy" decoding="async" class="alignnone size-medium wp-image-2058" src="https://dxc.crp.ufv.br/wp-content/uploads/SORTEIO-ESTUDANTES-300x298.png" alt="" width="300" height="298" srcset="https://dxc.crp.ufv.br/wp-content/uploads/SORTEIO-ESTUDANTES-300x298.png 300w, https://dxc.crp.ufv.br/wp-content/uploads/SORTEIO-ESTUDANTES-150x150.png 150w, https://dxc.crp.ufv.br/wp-content/uploads/SORTEIO-ESTUDANTES-302x300.png 302w, https://dxc.crp.ufv.br/wp-content/uploads/SORTEIO-ESTUDANTES.png 717w" sizes="auto, (max-width: 300px) 100vw, 300px" /></a></p>
<h2 style="text-align: center;"><strong>DOCUMENTAÇÃO</strong></h2>
<p><a href="https://dxc.crp.ufv.br/wp-content/uploads/Concurso-Dia-do-Estudante.pdf">Regulamento &#8211; Concurso Dia do Estudante</a></p>
<h2 style="text-align: center;"><strong>RESULTADO</strong></h2>
<p>&nbsp;</p>
<p><a href="https://dxc.crp.ufv.br/wp-content/uploads/Instagram-22.png"><img loading="lazy" decoding="async" class="size-medium wp-image-2065 aligncenter" src="https://dxc.crp.ufv.br/wp-content/uploads/Instagram-22-300x300.png" alt="" width="300" height="300" srcset="https://dxc.crp.ufv.br/wp-content/uploads/Instagram-22-300x300.png 300w, https://dxc.crp.ufv.br/wp-content/uploads/Instagram-22-150x150.png 150w, https://dxc.crp.ufv.br/wp-content/uploads/Instagram-22-768x768.png 768w, https://dxc.crp.ufv.br/wp-content/uploads/Instagram-22-1024x1024.png 1024w, https://dxc.crp.ufv.br/wp-content/uploads/Instagram-22.png 1134w" sizes="auto, (max-width: 300px) 100vw, 300px" /></a></p>
<p><a href="https://dxc.crp.ufv.br/wp-content/uploads/Sorteado-concurso-dia-do-estudante.png"><img loading="lazy" decoding="async" class="size-medium wp-image-2066 aligncenter" src="https://dxc.crp.ufv.br/wp-content/uploads/Sorteado-concurso-dia-do-estudante-300x300.png" alt="" width="300" height="300" srcset="https://dxc.crp.ufv.br/wp-content/uploads/Sorteado-concurso-dia-do-estudante-300x300.png 300w, https://dxc.crp.ufv.br/wp-content/uploads/Sorteado-concurso-dia-do-estudante-150x150.png 150w, https://dxc.crp.ufv.br/wp-content/uploads/Sorteado-concurso-dia-do-estudante-768x768.png 768w, https://dxc.crp.ufv.br/wp-content/uploads/Sorteado-concurso-dia-do-estudante.png 788w" sizes="auto, (max-width: 300px) 100vw, 300px" /></a></p>
<p>&nbsp;</p>

<p>RESUMO Local: Página oficial da Diretoria no Instagram: https://www.instagram.com/dxc_ufv_crp Realização: Diretoria de Extensão e Cultura – DXC Apoio: Diretoria Geral, Serviços Institucionais/Cerimonial e Mostra de Profissões (Diretoria de Ensino) Período: 06 de agosto de 2019 a 23 de agosto de 2019 Regras: Cada participante deverá seguir a página da DXC, curtir a foto, marcar um(a) [&hellip;]</p>
