{"id":2357,"date":"2021-02-11T11:06:29","date_gmt":"2021-02-11T14:06:29","guid":{"rendered":"https:\/\/dxc.crp.ufv.br\/?page_id=2357"},"modified":"2022-11-21T10:07:24","modified_gmt":"2022-11-21T13:07:24","slug":"estagio-interno-alunos-as-de-outras-instituicoes-2","status":"publish","type":"page","link":"https:\/\/dxc.crp.ufv.br\/?page_id=2357","title":{"rendered":"Est\u00e1gio Interno &#8211; Alunos de Outras Institui\u00e7\u00f5es"},"content":{"rendered":"\n<p>Desenvolvido nos setores da UFV, por alunos de cursos t\u00e9cnicos e superiores de outras institui\u00e7\u00f5es de ensino, podendo ser somente na modalidade de est\u00e1gio obrigat\u00f3rio.<\/p>\n\n\n\n<p>\u00bb Antes do est\u00e1gio ser iniciado \u00e9 necess\u00e1rio que ele seja registrado na <strong>Diretoria de Extens\u00e3o e Cultura (DXC)<\/strong>, n\u00e3o sendo poss\u00edvel registro retroativo.<\/p>\n\n\n\n<hr class=\"wp-block-separator\"\/>\n\n\n\n<p><strong>REGISTRO DO EST\u00c1GIO<\/strong><br \/>Ap\u00f3s a concess\u00e3o do est\u00e1gio na UFV-CRP e j\u00e1 possuir a concord\u00e2ncia expressa do servidor (docente ou t\u00e9cnico-administrativo de n\u00edvel superior) que ser\u00e1 supervisor das atividades, o estudante deve enviar para o e-mail da DXC (dxccrp@ufv.br) os seguintes documentos:<\/p>\n\n\n\n<p><strong>TERMO DE COMPROMISSO DE EST\u00c1GIO INTERNO OBRIGAT\u00d3RIO PARA ALUNOS DE OUTRAS INSTITUI\u00c7\u00d5ES<\/strong><br \/>O <strong><a href=\"https:\/\/dxc.crp.ufv.br\/wp-content\/uploads\/01-Termo-de-Compromisso-Est\u00e1gio-Interno-de-Alunos-de-Outras-Institui\u00e7\u00f5es-3.pdf\">Termo de Compromisso<\/a><\/strong> \u00e9 o documento jur\u00eddico que formaliza o registro do est\u00e1gio, sendo obrigat\u00f3rio a utiliza\u00e7\u00e3o do modelo do Termo de Compromisso da UFV-CRP.<br \/>\u2022 <strong>Preencher digitalmente<\/strong>, imprimir, assinar e colher a assinatura da institui\u00e7\u00e3o de origem.<br \/>\u2022 Digitalizar o documento completo (todas as p\u00e1ginas em um \u00fanico arquivo PDF) em scanner ou pelo celular (sugest\u00e3o de aplicativos: ScanBot, Adobe Scan ou Adobe PDF).<br \/>\u2022 Enviar o Termo de Compromisso para o  supervisor do est\u00e1gio na UFV (docente ou t\u00e9cnico-administrativo de n\u00edvel superior) assinar.<br \/> <br \/>Obs.:&nbsp;<strong>A assinatura do supervisor do estudante na UFV deve ser feita por meio do assinador on-line do portal Gov.br<\/strong>. Segue abaixo link com o passo a passo para docentes e t\u00e9cnicos administrativos da UFV-CRP realizarem o cadastro no portal, habilitarem a permiss\u00e3o de uso e assinarem documentos:<br \/><a href=\"https:\/\/www.youtube.com\/watch?v=QTAW5uGJ89I&amp;ab_channel=TutoriaisDTI-UFV\">https:\/\/www.youtube.com\/watch?v=QTAW5uGJ89I&amp;ab_channel=TutoriaisDTI-UFV<\/a> <br \/><\/p>\n\n\n\n<p><strong>DECLARA\u00c7\u00c3O<\/strong><br \/>Declara\u00e7\u00e3o emitida pelo \u00f3rg\u00e3o competente da institui\u00e7\u00e3o de origem (<strong>assinada e carimbada<\/strong>) informando que o aluno est\u00e1 regularmente matriculado, que o est\u00e1gio a ser realizado na UFV-CRP est\u00e1 previsto no projeto pedag\u00f3gico do curso e \u00e9 obrigat\u00f3rio, o per\u00edodo em que est\u00e1gio ser\u00e1 realizado e a carga hor\u00e1ria total a ser cumprida (no m\u00e1ximo o valor da carga hor\u00e1ria da Disciplina Est\u00e1gio do Curso na institui\u00e7\u00e3o de origem).<\/p>\n\n\n\n<p><strong>AP\u00d3LICE DE SEGURO CONTRA ACIDENTES PESSOAIS<\/strong><br \/>A ap\u00f3lice de seguro deve ser proporcionada pela institui\u00e7\u00e3o de origem. As informa\u00e7\u00f5es devem constar na Cl\u00e1usula Quinta do Termo de Compromisso, sendo que a vig\u00eancia do seguro deve abranger o per\u00edodo de est\u00e1gio. <\/p>\n\n\n\n<hr class=\"wp-block-separator\"\/>\n\n\n\n<p><strong>Enviar para o e-mail da DXC (dxccrp@ufv.br) o Termo de Compromisso, a Declara\u00e7\u00e3o e o Comprovante do Seguro.<\/strong><br \/><br \/>\u2022 A documenta\u00e7\u00e3o ser\u00e1 analisada e o Termo de Compromisso ser\u00e1 assinado (caso esteja em conformidade com a legisla\u00e7\u00e3o) em at\u00e9 3 dias \u00fateis pelo(a) Diretor(a) de Extens\u00e3o e Cultura e o estudante receber\u00e1 um e-mail com o n\u00famero de protocolo on-line do atendimento e com sua via assinada para ser salva e encaminhada \u00e0 institui\u00e7\u00e3o de origem e ao supervisor do est\u00e1gio na UFV. <br \/>\u2022 O Termo de Compromisso ser\u00e1 registrado e a via digital do documento ser\u00e1 arquivada na DXC.  <br \/><\/p>\n\n\n\n<hr class=\"wp-block-separator\"\/>\n\n\n\n<p><strong>CONCLUS\u00c3O DO EST\u00c1GIO<br \/><\/strong>Ap\u00f3s o encerramento do est\u00e1gio, o aluno dever\u00e1  enviar para o e-mail da DXC (dxccrp@ufv.br) a <strong><a href=\"https:\/\/dxc.crp.ufv.br\/wp-content\/uploads\/02-Declara\u00e7\u00e3o-de-Conclus\u00e3o-Est\u00e1gio-Interno-de-Alunos-de-Outras-Institui\u00e7\u00f5es-2.pdf\">Declara\u00e7\u00e3o de Conclus\u00e3o<\/a><\/strong> do est\u00e1gio, o qual passar\u00e1 a situa\u00e7\u00e3o de conclu\u00eddo.<br \/>\u2022 O documento deve ser&nbsp;<strong>preenchido digitalmente<\/strong> e a assinatura do supervisor realizada por meio do assinador on-line do portal Gov.br. <br \/>\u2022 Ap\u00f3s o recebimento do documento, caso esteja em conformidade com o(s) termo(s) protocolado(s) anteriormente, o estudante receber\u00e1 um e-mail da DXC com o n\u00famero de protocolo on-line do atendimento.<br \/>\u2022 A conclus\u00e3o do est\u00e1gio ser\u00e1 registrada e a via digital do documento ser\u00e1 arquivada na DXC.<br \/>\u2022  Sugere-se que o estudante salve sua via e em momento oportuno a envie (declara\u00e7\u00e3o ou certificado) \u00e0 institui\u00e7\u00e3o de origem. <br \/>\u2022 Conclu\u00eddo o est\u00e1gio, o aluno poder\u00e1 solicitar \u00e0 DXC, pessoalmente, por telefone (34 3855-9362) ou via e-mail (<a href=\"mailto:dxccrp@ufv.br\">dxccrp@ufv.br<\/a>), <strong>certificado<\/strong> de realiza\u00e7\u00e3o do est\u00e1gio. <br \/><\/p>\n\n\n\n<hr class=\"wp-block-separator\"\/>\n\n\n\n<p><strong>CANCELAMENTO DO EST\u00c1GIO<\/strong><br \/>Caso o aluno, por algum motivo, n\u00e3o possa realizar o est\u00e1gio e j\u00e1 tenha feito seu registro, ele deve enviar para o e-mail da DXC (dxccrp@ufv.br) o <strong><a href=\"https:\/\/dxc.crp.ufv.br\/wp-content\/uploads\/03-Requerimento-de-Cancelamento-de-Est\u00e1gio-Est\u00e1gio-Interno-de-Alunos-de-Outras-Institui\u00e7\u00f5es-1.odt\">Requerimento de Cancelamento de Est\u00e1gio Interno de Alunos de Outras Institui\u00e7\u00f5es<\/a><\/strong> para que sua situa\u00e7\u00e3o fique regular.<\/p>\n\n\n\n<hr class=\"wp-block-separator\"\/>\n\n\n\n<p><strong>IMPORTANTE<\/strong><br \/> \u2022<strong> <\/strong>Ap\u00f3s qualquer assinatura, os documentos n\u00e3o poder\u00e3o ser alterados. O pr\u00f3prio portal Gov.br detecta altera\u00e7\u00f5es e n\u00e3o aceita a inser\u00e7\u00e3o de demais assinaturas. Portanto, caso seja necess\u00e1rio alguma corre\u00e7\u00e3o, o documento deve ser refeito e as assinaturas colhidas novamente. <br \/>\u2022 Estudante, em caso de d\u00favidas no preenchimento do Termo de Compromisso, antes de colher as assinaturas, se achar necess\u00e1rio, envie o documento para a DXC esclarecer ou entre em contato pelo telefone (34) 3855-9362.  <\/p>\n\n\n\n<hr class=\"wp-block-separator\"\/>\n\n\n\n<p>\n\n\u2022&nbsp;<strong>Informa\u00e7\u00f5es gerais sobre est\u00e1gios dispon\u00edveis em:&nbsp;<a href=\"https:\/\/dxc.crp.ufv.br\/?page_id=936\">Est\u00e1gios | DXC (ufv.br)<\/a><\/strong><\/p>\n","protected":false},"excerpt":{"rendered":"<p>Desenvolvido nos setores da UFV, por alunos de cursos t\u00e9cnicos e superiores de outras institui\u00e7\u00f5es de ensino, podendo ser somente na modalidade de est\u00e1gio obrigat\u00f3rio. \u00bb Antes do est\u00e1gio ser iniciado \u00e9 necess\u00e1rio que ele seja registrado na Diretoria de Extens\u00e3o e Cultura (DXC), n\u00e3o sendo poss\u00edvel registro retroativo. REGISTRO DO EST\u00c1GIOAp\u00f3s a concess\u00e3o do [&hellip;]<\/p>\n","protected":false},"author":1,"featured_media":0,"parent":936,"menu_order":0,"comment_status":"closed","ping_status":"closed","template":"","meta":{"footnotes":""},"class_list":["post-2357","page","type-page","status-publish","hentry"],"_links":{"self":[{"href":"https:\/\/dxc.crp.ufv.br\/index.php?rest_route=\/wp\/v2\/pages\/2357","targetHints":{"allow":["GET"]}}],"collection":[{"href":"https:\/\/dxc.crp.ufv.br\/index.php?rest_route=\/wp\/v2\/pages"}],"about":[{"href":"https:\/\/dxc.crp.ufv.br\/index.php?rest_route=\/wp\/v2\/types\/page"}],"author":[{"embeddable":true,"href":"https:\/\/dxc.crp.ufv.br\/index.php?rest_route=\/wp\/v2\/users\/1"}],"replies":[{"embeddable":true,"href":"https:\/\/dxc.crp.ufv.br\/index.php?rest_route=%2Fwp%2Fv2%2Fcomments&post=2357"}],"version-history":[{"count":17,"href":"https:\/\/dxc.crp.ufv.br\/index.php?rest_route=\/wp\/v2\/pages\/2357\/revisions"}],"predecessor-version":[{"id":3082,"href":"https:\/\/dxc.crp.ufv.br\/index.php?rest_route=\/wp\/v2\/pages\/2357\/revisions\/3082"}],"up":[{"embeddable":true,"href":"https:\/\/dxc.crp.ufv.br\/index.php?rest_route=\/wp\/v2\/pages\/936"}],"wp:attachment":[{"href":"https:\/\/dxc.crp.ufv.br\/index.php?rest_route=%2Fwp%2Fv2%2Fmedia&parent=2357"}],"curies":[{"name":"wp","href":"https:\/\/api.w.org\/{rel}","templated":true}]}}