{"id":2387,"date":"2021-02-11T12:49:04","date_gmt":"2021-02-11T15:49:04","guid":{"rendered":"https:\/\/dxc.crp.ufv.br\/?page_id=2387"},"modified":"2021-02-11T12:49:04","modified_gmt":"2021-02-11T15:49:04","slug":"selecao-para-estagio-remunerado-2020","status":"publish","type":"page","link":"https:\/\/dxc.crp.ufv.br\/?page_id=2387","title":{"rendered":"Sele\u00e7\u00e3o para Est\u00e1gio Remunerado &#8211; 2020"},"content":{"rendered":"\n<p>A Diretoria de Extens\u00e3o e Cultura do Campus Rio Parana\u00edba da Universidade Federal de Vi\u00e7osa, atrav\u00e9s do presente edital, informa que se encontram abertas, at\u00e9 o dia 17 de mar\u00e7o de 2020, inscri\u00e7\u00f5es para sele\u00e7\u00e3o de estagi\u00e1rio\/a remunerado\/a nesta Diretoria em fun\u00e7\u00f5es administrativas, organiza\u00e7\u00e3o eventos e desenvolvimento de artes gr\u00e1ficas, em conformidade com a Lei N\u00ba 11.788, de 25 de setembro de 2008, e demais normas aplic\u00e1veis.<\/p>\n\n\n\n<p><a href=\"https:\/\/dxc.crp.ufv.br\/wp-content\/uploads\/Edital-de-sele\u00e7\u00e3o-2020-3.pdf\">Edital<\/a><\/p>\n","protected":false},"excerpt":{"rendered":"<p>A Diretoria de Extens\u00e3o e Cultura do Campus Rio Parana\u00edba da Universidade Federal de Vi\u00e7osa, atrav\u00e9s do presente edital, informa que se encontram abertas, at\u00e9 o dia 17 de mar\u00e7o de 2020, inscri\u00e7\u00f5es para sele\u00e7\u00e3o de estagi\u00e1rio\/a remunerado\/a nesta Diretoria em fun\u00e7\u00f5es administrativas, organiza\u00e7\u00e3o eventos e desenvolvimento de artes gr\u00e1ficas, em conformidade com a Lei [&hellip;]<\/p>\n","protected":false},"author":1,"featured_media":0,"parent":958,"menu_order":0,"comment_status":"closed","ping_status":"closed","template":"","meta":{"footnotes":""},"class_list":["post-2387","page","type-page","status-publish","hentry"],"_links":{"self":[{"href":"https:\/\/dxc.crp.ufv.br\/index.php?rest_route=\/wp\/v2\/pages\/2387","targetHints":{"allow":["GET"]}}],"collection":[{"href":"https:\/\/dxc.crp.ufv.br\/index.php?rest_route=\/wp\/v2\/pages"}],"about":[{"href":"https:\/\/dxc.crp.ufv.br\/index.php?rest_route=\/wp\/v2\/types\/page"}],"author":[{"embeddable":true,"href":"https:\/\/dxc.crp.ufv.br\/index.php?rest_route=\/wp\/v2\/users\/1"}],"replies":[{"embeddable":true,"href":"https:\/\/dxc.crp.ufv.br\/index.php?rest_route=%2Fwp%2Fv2%2Fcomments&post=2387"}],"version-history":[{"count":1,"href":"https:\/\/dxc.crp.ufv.br\/index.php?rest_route=\/wp\/v2\/pages\/2387\/revisions"}],"predecessor-version":[{"id":2388,"href":"https:\/\/dxc.crp.ufv.br\/index.php?rest_route=\/wp\/v2\/pages\/2387\/revisions\/2388"}],"up":[{"embeddable":true,"href":"https:\/\/dxc.crp.ufv.br\/index.php?rest_route=\/wp\/v2\/pages\/958"}],"wp:attachment":[{"href":"https:\/\/dxc.crp.ufv.br\/index.php?rest_route=%2Fwp%2Fv2%2Fmedia&parent=2387"}],"curies":[{"name":"wp","href":"https:\/\/api.w.org\/{rel}","templated":true}]}}

Seleção para Estágio Remunerado &#8211; 2020

<p>A Diretoria de Extensão e Cultura do Campus Rio Paranaíba da Universidade Federal de Viçosa, através do presente edital, informa que se encontram abertas, até o dia 17 de março de 2020, inscrições para seleção de estagiário/a remunerado/a nesta Diretoria em funções administrativas, organização eventos e desenvolvimento de artes gráficas, em conformidade com a Lei Nº 11.788, de 25 de setembro de 2008, e demais normas aplicáveis.</p>



<p><a href="https://dxc.crp.ufv.br/wp-content/uploads/Edital-de-seleção-2020-3.pdf">Edital</a></p>

<p>A Diretoria de Extensão e Cultura do Campus Rio Paranaíba da Universidade Federal de Viçosa, através do presente edital, informa que se encontram abertas, até o dia 17 de março de 2020, inscrições para seleção de estagiário/a remunerado/a nesta Diretoria em funções administrativas, organização eventos e desenvolvimento de artes gráficas, em conformidade com a Lei [&hellip;]</p>
