{"id":2456,"date":"2021-03-01T16:32:42","date_gmt":"2021-03-01T19:32:42","guid":{"rendered":"https:\/\/dxc.crp.ufv.br\/?page_id=2456"},"modified":"2022-05-29T10:42:58","modified_gmt":"2022-05-29T13:42:58","slug":"boletim-de-extensao-e-cultura","status":"publish","type":"page","link":"https:\/\/dxc.crp.ufv.br\/?page_id=2456","title":{"rendered":"Revista de Extens\u00e3o"},"content":{"rendered":"\n<h2 class=\"wp-block-heading\"><\/h2>\n\n\n\n<p> A&nbsp;<strong>Revista Extens\u00e3o e Cultura em Foco<\/strong> \u2013 iniciativa da DXC \u2013 foi criada com o intuito de reconhecer e socializar as atividades extensionistas e culturais da UFV-CRP e de outras universidades. Objetiva, portanto, divulgar programas, projetos, cursos, eventos e demais atividades de extens\u00e3o e cultura, com periodicidade bimestral, de modo a difundir conhecimento e oportunidades \u00e0 comunidade acad\u00eamica e \u00e0 sociedade em geral. <\/p>\n\n\n\n<p style=\"text-align:center\"><strong>Acesse: <\/strong><a href=\"https:\/\/revistaextensaoeculturaemfoco.crp.ufv.br\/\"><strong>https:\/\/revistaextensaoeculturaemfoco.crp.ufv.br\/<\/strong><\/a><\/p>\n\n\n\n<div class=\"wp-block-image\"><figure class=\"aligncenter\"><a href=\"https:\/\/revistaextensaoeculturaemfoco.crp.ufv.br\/\"><img loading=\"lazy\" decoding=\"async\" width=\"212\" height=\"300\" src=\"https:\/\/dxc.crp.ufv.br\/wp-content\/uploads\/CAPA-REVISTA-EXTENS\u00c3O-E-CULTURA-EM-FOCO-Volume-2-N.\u00ba-01-Janeiro-e-Fevereiro-2022-1-212x300.png\" alt=\"\" class=\"wp-image-2733\" srcset=\"https:\/\/dxc.crp.ufv.br\/wp-content\/uploads\/CAPA-REVISTA-EXTENS\u00c3O-E-CULTURA-EM-FOCO-Volume-2-N.\u00ba-01-Janeiro-e-Fevereiro-2022-1-212x300.png 212w, https:\/\/dxc.crp.ufv.br\/wp-content\/uploads\/CAPA-REVISTA-EXTENS\u00c3O-E-CULTURA-EM-FOCO-Volume-2-N.\u00ba-01-Janeiro-e-Fevereiro-2022-1-768x1086.png 768w, https:\/\/dxc.crp.ufv.br\/wp-content\/uploads\/CAPA-REVISTA-EXTENS\u00c3O-E-CULTURA-EM-FOCO-Volume-2-N.\u00ba-01-Janeiro-e-Fevereiro-2022-1-724x1024.png 724w\" sizes=\"auto, (max-width: 212px) 100vw, 212px\" \/><\/a><\/figure><\/div>\n\n\n\n<p><strong>______________________________________________________________________________<\/strong><\/p>\n\n\n\n<p><strong>FICA A DICA: Revistas Cient\u00edficas e Acad\u00eamicas em Extens\u00e3o<\/strong><\/p>\n\n\n\n<p> Visando incentivar a publica\u00e7\u00e3o de artigos, relatos de experi\u00eancias, ensaios, resenhas e outros trabalhos relacionados \u00e0 extens\u00e3o e dar maior visibilidade aos projetos e eventos realizados, a equipe da Diretoria de Extens\u00e3o e Cultura da UFV Campus Rio Parana\u00edba elaborou uma lista n\u00e3o exaustiva de <a href=\"https:\/\/dxc.crp.ufv.br\/wp-content\/uploads\/Revistas-Cient%C3%ADficas-e-Acad%C3%AAmicas-em-Extens%C3%A3o-21-02-2022.pdf\">REVISTAS CIENT\u00cdFICAS E ACAD\u00caMICAS EM EXTENS\u00c3O UNIVERSIT\u00c1RIA<\/a>. <\/p>\n\n\n\n<p> Para maiores informa\u00e7\u00f5es sobre normas de submiss\u00e3o e para consultar as edi\u00e7\u00f5es j\u00e1 publicadas, favor acessar a p\u00e1gina de cada peri\u00f3dico. <\/p>\n","protected":false},"excerpt":{"rendered":"<p>A&nbsp;Revista Extens\u00e3o e Cultura em Foco \u2013 iniciativa da DXC \u2013 foi criada com o intuito de reconhecer e socializar as atividades extensionistas e culturais da UFV-CRP e de outras universidades. Objetiva, portanto, divulgar programas, projetos, cursos, eventos e demais atividades de extens\u00e3o e cultura, com periodicidade bimestral, de modo a difundir conhecimento e oportunidades [&hellip;]<\/p>\n","protected":false},"author":1,"featured_media":0,"parent":0,"menu_order":0,"comment_status":"closed","ping_status":"closed","template":"","meta":{"footnotes":""},"class_list":["post-2456","page","type-page","status-publish","hentry"],"_links":{"self":[{"href":"https:\/\/dxc.crp.ufv.br\/index.php?rest_route=\/wp\/v2\/pages\/2456","targetHints":{"allow":["GET"]}}],"collection":[{"href":"https:\/\/dxc.crp.ufv.br\/index.php?rest_route=\/wp\/v2\/pages"}],"about":[{"href":"https:\/\/dxc.crp.ufv.br\/index.php?rest_route=\/wp\/v2\/types\/page"}],"author":[{"embeddable":true,"href":"https:\/\/dxc.crp.ufv.br\/index.php?rest_route=\/wp\/v2\/users\/1"}],"replies":[{"embeddable":true,"href":"https:\/\/dxc.crp.ufv.br\/index.php?rest_route=%2Fwp%2Fv2%2Fcomments&post=2456"}],"version-history":[{"count":42,"href":"https:\/\/dxc.crp.ufv.br\/index.php?rest_route=\/wp\/v2\/pages\/2456\/revisions"}],"predecessor-version":[{"id":3009,"href":"https:\/\/dxc.crp.ufv.br\/index.php?rest_route=\/wp\/v2\/pages\/2456\/revisions\/3009"}],"wp:attachment":[{"href":"https:\/\/dxc.crp.ufv.br\/index.php?rest_route=%2Fwp%2Fv2%2Fmedia&parent=2456"}],"curies":[{"name":"wp","href":"https:\/\/api.w.org\/{rel}","templated":true}]}}